lculate the remainder when 103970 is divided by 34615.
125
Calculate the remainder when 222987 is divided by 381.
102
What is the remainder when 28427 is divided by 46?
45
Calculate the remainder when 23168 is divided by 425.
218
What is the remainder when 99835 is divided by 25?
10
What is the remainder when 202035 is divided by 302?
299
What is the remainder when 43469 is divided by 925?
919
Calculate the remainder when 38245 is divided by 306.
301
Calculate the remainder when 2308 is divided by 240.
148
What is the remainder when 699357 is divided by 40?
37
What is the remainder when 3719 is divided by 739?
24
What is the remainder when 2277 is divided by 377?
15
What is the remainder when 827 is divided by 18?
17
What is the remainder when 714 is divided by 72?
66
Calculate the remainder when 206751 is divided by 497.
496
Calculate the remainder when 47926 is divided by 23930.
66
What is the remainder when 6949 is divided by 119?
47
What is the remainder when 1699 is divided by 920?
779
Calculate the remainder when 1708 is divided by 29.
26
Calculate the remainder when 14871 is divided by 96.
87
Calculate the remainder when 522 is divided by 122.
34
Calculate the remainder when 788115 is divided by 19.
14
What is the remainder when 84120 is divided by 9339?
69
What is the remainder when 3004 is divided by 999?
7
Calculate the remainder when 56951 is divided by 2847.
11
Calculate the remainder when 59229 is divided by 81.
18
What is the remainder when 149286 is divided by 858?
852
What is the remainder when 5614 is divided by 5600?
14
What is the remainder when 382973 is divided by 104?
45
Calculate the remainder when 71255 is divided by 35.
30
What is the remainder when 2963378 is divided by 305?
303
What is the remainder when 9249 is divided by 9010?
239
Calculate the remainder when 94837 is divided by 604.
9
What is the remainder when 6402 is divided by 1878?
768
What is the remainder when 33384 is divided by 11126?
6
Calculate the remainder when 71340 is divided by 146.
92
Calculate the remainder when 56909 is divided by 9467.
107
What is the remainder when 3456 is divided by 3434?
22
Calculate the remainder when 11504 is divided by 262.
238
What is the remainder when 223219 is divided by 30?
19
Calculate the remainder when 439882 is divided by 375.
7
Calculate the remainder when 3177 is divided by 41.
20
What is the remainder when 385 is divided by 243?
142
Calculate the remainder when 2334 is divided by 1161.
12
What is the remainder when 24624 is divided by 6095?
244
Calculate the remainder when 714 is divided by 218.
60
Calculate the remainder when 2623 is divided by 252.
103
What is the remainder when 15400 is divided by 335?
325
What is the remainder when 120483 is divided by 463?
103
What is the remainder when 77254 is divided by 468?
34
Calculate the remainder when 1298842 is divided by 1097.
1091
What is the remainder when 23390 is divided by 25?
15
Calculate the remainder when 2454 is divided by 90.
24
Calculate the remainder when 850025 is divided by 4067.
22
What is the remainder when 1075584 is divided by 553?
552
What is the remainder when 8594 is divided by 428?
34
Calculate the remainder when 11918 is divided by 1194.
1172
Calculate the remainder when 48458 is divided by 31.
5
What is the remainder when 401325 is divided by 30871?
2
What is the remainder when 2654621 is divided by 392?
389
Calculate the remainder when 4334 is divided by 567.
365
Calculate the remainder when 82519 is divided by 9.
7
Calculate the remainder when 259872 is divided by 375.
372
Calculate the remainder when 99440 is divided by 99417.
23
Calculate the remainder when 1431 is divided by 365.
336
What is the remainder when 1557825 is divided by 21941?
14
Calculate the remainder when 23399 is divided by 36.
35
Calculate the remainder when 32717 is divided by 54.
47
What is the remainder when 30752 is divided by 58?
12
Calculate the remainder when 862 is divided by 93.
25
What is the remainder when 92060 is divided by 9205?
10
Calculate the remainder when 4644 is divided by 652.
80
Calculate the remainder when 40387 is divided by 100.
87
What is the remainder when 80603 is divided by 352?
347
Calculate the remainder when 79701 is divided by 12.
9
What is the remainder when 101193 is divided by 186?
9
What is the remainder when 4726 is divided by 22?
18
Calculate the remainder when 55256 is divided by 74.
52
What is the remainder when 1270 is divided by 7?
3
Calculate the remainder when 194036 is divided by 231.
227
What is the remainder when 3678 is divided by 581?
192
What is the remainder when 60375 is divided by 60366?
9
Calculate the remainder when 7317 is divided by 57.
21
Calculate the remainder when 26427 is divided by 13211.
5
What is the remainder when 36517 is divided by 83?
80
What is the remainder when 50583 is divided by 230?
213
Calculate the remainder when 303914 is divided by 101300.
14
Calculate the remainder when 1021827 is divided by 1.
0
What is the remainder when 58980 is divided by 154?
152
What is the remainder when 15475 is divided by 7730?
15
What is the remainder when 36078 is divided by 36068?
10
Calculate the remainder when 227905 is divided by 446.
445
What is the remainder when 88334 is divided by 1104?
14
Calculate the remainder when 4842 is divided by 253.
35
What is the remainder when 617043 is divided by 349?
11
Calculate the remainder when 56064 is divided by 56062.
2
Calculate the remainder when 4975 is divided by 1627.
94
What is the remainder when 6652 is divided by 1378?
1140
What is the remainder when 75606 is divided by 422?
68
What is the remainder when 7317641 is divided by 503?
500
What is the remainder when 57120 is divided by 28530?
60
Calculate the remainder when 3218 is divided by 427.
229
What is the remainder when 129497 is divided by 814?
71
What is the remainder when 664 is divided by 317?
30
Calculate the remainder when 1523 is divided by 221.
197
What is the remainder when 872562 is divided by 96950?
12
What is the remainder when 161781 is divided by 1011?
21
Calculate the remainder when 3136 is divided by 1450.
236
What is the remainder when 30051 is divided by 15024?
3
What is the remainder when 310651 is divided by 103540?
31
What is the remainder when 172589 is divided by 268?
265
Calculate the remainder when 7348 is divided by 49.
47
What is the remainder when 532163 is divided by 106432?
3
Calculate the remainder when 1193944 is divided by 15.
4
What is the remainder when 58074 is divided by 313?
169
Calculate the remainder when 65934 is divided by 40.
14
Calculate the remainder when 79091 is divided by 88.
67
What is the remainder when 39310 is divided by 37?
16
What is the remainder when 300484 is divided by 649?
646
Calculate the remainder when 25428 is divided by 436.
140
What is the remainder when 29689 is divided by 188?
173
What is the remainder when 44972 is divided by 1405?
12
What is the remainder when 6375 is divided by 905?
40
Calculate the remainder when 18139 is divided by 216.
211
What is the remainder when 235333 is divided by 3096?
37
What is the remainder when 7235 is divided by 90?
35
What is the remainder when 4569 is divided by 118?
85
What is the remainder when 60207 is divided by 71?
70
Calculate the remainder when 45260 is divided by 51.
23
Calculate the remainder when 1691 is divided by 1085.
606
Calculate the remainder when 408293 is divided by 7.
4
Calculate the remainder when 6283 is divided by 84.
67
Calculate the remainder when 420 is divided by 128.
36
Calculate the remainder when 1015148 is divided by 1975.
1973
Calculate the remainder when 160211 is divided by 83.
21
Calculate the remainder when 116972 is divided by 29.
15
What is the remainder when 4373 is divided by 22?
17
Calculate the remainder when 124745 is divided by 62365.
15
Calculate the remainder when 4225 is divided by 12.
1
What is the remainder when 293680 is divided by 293659?
21
Calculate the remainder when 1306 is divided by 149.
114
What is the remainder when 20857 is divided by 16?
9
What is the remainder when 452 is divided by 38?
34
What is the remainder when 2856 is divided by 446?
180
What is the remainder when 1224802 is divided by 98?
96
What is the remainder when 17403 is divid